 392 and 49?
49
What is the highest common divisor of 166 and 7719?
83
Calculate the highest common factor of 860 and 19135.
215
What is the highest common divisor of 85 and 4097?
17
Calculate the greatest common divisor of 2255 and 82.
41
What is the highest common factor of 27 and 432?
27
What is the greatest common factor of 90 and 648?
18
What is the highest common factor of 512 and 96?
32
Calculate the greatest common divisor of 15664 and 22.
22
Calculate the highest common factor of 75 and 200.
25
Calculate the highest common divisor of 256 and 12.
4
What is the greatest common factor of 1377 and 323?
17
What is the greatest common factor of 112 and 84?
28
Calculate the greatest common factor of 6 and 153.
3
Calculate the highest common factor of 135 and 54.
27
Calculate the greatest common factor of 18 and 198.
18
What is the greatest common divisor of 252 and 2583?
63
Calculate the greatest common divisor of 33 and 99.
33
Calculate the highest common divisor of 2945 and 248.
31
What is the highest common factor of 1 and 2873?
1
What is the highest common factor of 28 and 244?
4
What is the greatest common divisor of 393 and 3?
3
What is the highest common divisor of 2508 and 6156?
228
Calculate the highest common divisor of 25 and 45.
5
What is the highest common factor of 2835 and 18?
9
What is the highest common factor of 8 and 2092?
4
What is the highest common divisor of 480 and 1020?
60
Calculate the highest common factor of 8 and 38.
2
Calculate the highest common factor of 72 and 108.
36
Calculate the highest common factor of 24154 and 13.
13
Calculate the greatest common factor of 98 and 8624.
98
Calculate the highest common divisor of 11 and 1056.
11
Calculate the greatest common factor of 902 and 164.
82
Calculate the highest common factor of 41 and 82.
41
What is the greatest common divisor of 41 and 2501?
41
Calculate the greatest common divisor of 319 and 22.
11
What is the highest common factor of 117 and 52?
13
What is the highest common factor of 9 and 2043?
9
Calculate the highest common factor of 100 and 11850.
50
Calculate the greatest common factor of 56 and 42.
14
Calculate the highest common factor of 41 and 9758.
41
What is the greatest common divisor of 58 and 261?
29
Calculate the greatest common factor of 4108 and 104.
52
Calculate the greatest common factor of 494 and 91.
13
What is the highest common divisor of 21 and 5817?
21
Calculate the highest common factor of 78 and 21918.
78
Calculate the greatest common divisor of 294 and 84.
42
What is the greatest common divisor of 330 and 10725?
165
What is the greatest common factor of 34 and 1802?
34
What is the greatest common factor of 4 and 2524?
4
What is the highest common factor of 131 and 23711?
131
Calculate the highest common divisor of 64 and 16.
16
What is the greatest common divisor of 361 and 57?
19
What is the highest common divisor of 3300 and 4?
4
What is the greatest common divisor of 6 and 440?
2
Calculate the highest common factor of 609 and 112.
7
Calculate the greatest common factor of 12000 and 720.
240
What is the greatest common divisor of 52 and 2678?
26
Calculate the highest common divisor of 77 and 112.
7
What is the greatest common factor of 1800 and 168?
24
Calculate the highest common factor of 1027 and 39.
13
Calculate the greatest common divisor of 480 and 135.
15
What is the highest common factor of 8 and 2050?
2
Calculate the highest common factor of 12338 and 62.
62
Calculate the highest common divisor of 799 and 17.
17
Calculate the greatest common factor of 1572 and 372.
12
What is the greatest common factor of 18 and 954?
18
What is the greatest common divisor of 22 and 6974?
22
What is the highest common divisor of 15 and 5?
5
Calculate the highest common factor of 152 and 361.
19
What is the highest common factor of 377 and 87?
29
What is the highest common divisor of 690 and 2346?
138
Calculate the greatest common divisor of 34 and 1126.
2
What is the greatest common divisor of 304 and 190?
38
Calculate the greatest common divisor of 87 and 12.
3
What is the highest common divisor of 8 and 800?
8
What is the highest common factor of 24 and 468?
12
Calculate the greatest common divisor of 48 and 1104.
48
Calculate the greatest common divisor of 96 and 3.
3
What is the highest common factor of 2107 and 215?
43
What is the greatest common divisor of 8 and 6632?
8
What is the highest common factor of 57 and 6?
3
Calculate the greatest common divisor of 267 and 3471.
267
What is the greatest common divisor of 45 and 95?
5
Calculate the greatest common divisor of 22 and 7403.
11
What is the highest common divisor of 192 and 120?
24
Calculate the highest common divisor of 4 and 1162.
2
What is the greatest common divisor of 798 and 18582?
114
Calculate the highest common divisor of 42 and 413.
7
Calculate the greatest common divisor of 26 and 351.
13
Calculate the highest common factor of 50 and 17150.
50
Calculate the greatest common factor of 3277 and 113.
113
Calculate the greatest common divisor of 99 and 648.
9
What is the greatest common factor of 1748 and 532?
76
What is the greatest common factor of 615 and 75?
15
Calculate the greatest common factor of 95 and 152.
19
What is the highest common divisor of 18 and 45?
9
Calculate the greatest common divisor of 473 and 99.
11
Calculate the highest common factor of 5 and 145.
5
What is the greatest common divisor of 3596 and 580?
116
Calculate the highest common divisor of 54 and 1350.
54
Calculate the greatest common factor of 18 and 63.
9
What is the highest common factor of 1281 and 147?
21
What is the highest common divisor of 4346 and 159?
53
Calculate the highest common divisor of 3219 and 222.
111
What is the greatest common factor of 40 and 216?
8
What is the greatest common divisor of 264 and 4884?
132
What is the greatest common factor of 116 and 30218?
58
Calculate the highest common divisor of 16 and 26.
2
Calculate the greatest common factor of 1416 and 96.
24
Calculate the highest common divisor of 986 and 58.
58
What is the highest common factor of 9 and 873?
9
What is the highest common divisor of 18 and 48?
6
What is the greatest common divisor of 90 and 1950?
30
Calculate the greatest common divisor of 73 and 584.
73
Calculate the greatest common factor of 51 and 4.
1
Calculate the highest common divisor of 18 and 3258.
18
What is the highest common divisor of 84 and 1344?
84
Calculate the greatest common factor of 8364 and 164.
164
What is the highest common factor of 74 and 407?
37
What is the highest common factor of 2 and 164?
2
What is the greatest common factor of 2312 and 34?
34
Calculate the greatest common divisor of 387 and 172.
43
What is the greatest common divisor of 70 and 30?
10
Calculate the greatest common factor of 8420 and 20.
20
Calculate the greatest common factor of 9106 and 232.
58
What is the greatest common factor of 60 and 6210?
30
What is the highest common factor of 272 and 32?
16
Calculate the highest common factor of 3243 and 115.
23
Calculate the highest common factor of 15 and 15.
15
Calculate the greatest common factor of 1104 and 207.
69
Calculate the greatest common divisor of 869 and 275.
11
Calculate the greatest common divisor of 15 and 65.
5
Calculate the highest common factor of 46 and 46.
46
What is the highest common divisor of 261 and 957?
87
What is the highest common divisor of 6264 and 1305?
261
What is the highest common factor of 96 and 216?
24
What is the highest common divisor of 35 and 1015?
35
Calculate the greatest common divisor of 52 and 208.
52
What is the greatest common factor of 4788 and 12?
12
Calculate the greatest common factor of 192 and 804.
12
Calculate the greatest common factor of 22 and 55.
11
What is the greatest common factor of 648 and 4050?
162
What is the greatest common divisor of 25 and 3125?
25
What is the greatest common divisor of 16600 and 32?
8
What is the greatest common divisor of 3942 and 292?
146
Calculate the highest common divisor of 14 and 3115.
7
What is the highest common divisor of 11798 and 68?
34
What is the greatest common factor of 120 and 255?
15
Calculate the greatest common divisor of 23 and 6.
1
What is the greatest common divisor of 98 and 8?
2
What is th